alculate m(0).
-3
Let d(r) = -r**2 - 10*r - 10. Calculate d(-8).
6
Let v(u) = -69*u**2 - 416*u - 7. Calculate v(-6).
5
Let d(b) = b - 8. Calculate d(21).
13
Let g(m) = m - 4. Determine g(9).
5
Let n(o) = -6*o + 10. What is n(-7)?
52
Let c(w) = w**2 + 30*w + 78. What is c(-27)?
-3
Let j(n) = -n**3 - 12*n**2 + 28*n + 11. What is j(-14)?
11
Let w(t) = 3*t - 23. Calculate w(0).
-23
Let b(c) = c**3 - 39*c**2 - 44*c + 157. Calculate b(40).
-3
Let x(s) = 3*s**2 + 136*s + 39. Determine x(-45).
-6
Let o(w) = w**2 - 5*w - 4. Calculate o(5).
-4
Let c(x) = -9*x - 280. What is c(-32)?
8
Let c(m) = -m**2 - 19*m - 92. What is c(-11)?
-4
Let u(o) = o**3 - 10*o**2 + 23*o + 12. Calculate u(6).
6
Let c(b) = -4*b - 7. Calculate c(-8).
25
Let n(g) = -g**3 + 29*g**2 - 4*g + 117. Determine n(29).
1
Let f(j) = 13*j - 106. Calculate f(8).
-2
Let g(m) = m**2 - 4*m. What is g(2)?
-4
Let n(k) = -k**2 - 5*k + 13. Give n(-9).
-23
Let y(p) = -p**2 - 18*p - 15. Calculate y(-12).
57
Let j(z) = 2*z**2 + 53*z - 33. Give j(-27).
-6
Let w(f) = -4*f**3 + 13*f**2 - 2*f - 3. Determine w(3).
0
Let w(q) = -q**3 - 10*q**2 - 12*q - 9. Give w(-9).
18
Let d(b) = -b**2 - 7*b + 3. Give d(-6).
9
Let x(g) = -5*g**3 + g**2 - 3*g + 6. Calculate x(2).
-36
Let p(i) = 2*i**2 - 11*i + 61. Calculate p(5).
56
Let n(b) = -b + 62. Determine n(6).
56
Let m(q) = -2*q**3 - 10*q**2 - 18*q - 6. Calculate m(-2).
6
Let a(p) = -2*p + 85. Determine a(26).
33
Let p(i) = -4*i - 85. Calculate p(-19).
-9
Let u(v) = -v**3 + 9*v**2 - 12*v - 1. Give u(7).
13
Let m(a) = 6*a + 179. Give m(-31).
-7
Let r(a) = 10*a**2 - 349*a - 47. Calculate r(35).
-12
Let f(b) = 3*b**2 + 2*b - 7. Determine f(4).
49
Let m(v) = -v**3 + 3*v**2 + 2*v - 2. What is m(3)?
4
Let x(j) = 2*j - 12. What is x(9)?
6
Let r(p) = -p**3 + 20*p**2 + p - 13. What is r(20)?
7
Let t(f) = f**3 + 4*f**2 - 7*f + 1. What is t(-5)?
11
Let y(w) = w**3 - 6*w**2 + 2*w - 24. Give y(0).
-24
Let l(f) = -f**3 + 10*f**2 - 20*f + 26. Give l(8).
-6
Let l(q) = q**2 + 16*q - 33. Determine l(-18).
3
Let m(w) = -2*w**3 + 4*w**2 + 4*w + 2. Determine m(-2).
26
Let x(h) = -h**3 + 21*h**2 - 39*h + 12. Calculate x(19).
-7
Let c(o) = 2*o - 13. Calculate c(9).
5
Let h(z) = -z**2 + 46*z + 383. Determine h(-7).
12
Let c(f) = f**3 - 8*f**2 + 5*f. Calculate c(7).
-14
Let f(r) = r**3 - 5*r**2 + 4. Calculate f(5).
4
Let q(c) = c**3 + 6*c**2 - 9*c - 11. What is q(-7)?
3
Let f(y) = -y**2 - 4*y + 11. Determine f(-10).
-49
Let m(u) = -u**3 + 5*u**2 + 5*u + 1. Determine m(6).
-5
Let w(z) = -z + 3. Calculate w(8).
-5
Let t(m) = 2*m**3 + 11*m**2 + 2*m - 11. Calculate t(-5).
4
Let y(j) = j**2 - 5*j - 8. Calculate y(6).
-2
Let g(j) = j**3 + 6*j**2 + 4*j + 3. What is g(-3)?
18
Let u(j) = 11*j - 1. Calculate u(-7).
-78
Let q(s) = 55*s**2 - 3*s + 3. Give q(1).
55
Let g(j) = j**3 + 4*j**2 + 6*j + 3. Give g(-4).
-21
Let s(a) = -5*a - 19. What is s(-5)?
6
Let j(m) = 4*m - 31. Determine j(0).
-31
Let g(f) = -2*f + 1. What is g(-2)?
5
Let x(o) = 15*o - 5. Determine x(2).
25
Let a(x) = x + 81. Calculate a(-82).
-1
Let j(r) = -r + 7. Determine j(3).
4
Let y(o) = -o**2 + o + 7. Give y(-5).
-23
Let f(d) = 2*d**2 + 28*d + 93. Give f(-8).
-3
Let m(b) = -b**3 - 5*b**2 - 4*b + 2. Calculate m(-4).
2
Let h(d) = -d**3 + 2*d + 6. Give h(3).
-15
Let y(a) = -a**2 + 5*a + 10. Determine y(7).
-4
Let r(x) = -x**3 + 4*x**2 + 6*x - 6. Determine r(5).
-1
Let f(b) = 45*b - 5. Calculate f(-1).
-50
Let c(h) = h**3 - 9*h**2 + 13*h + 9. What is c(6)?
-21
Let t(f) = -f**3 + 2*f**2 - 2*f - 43. Calculate t(0).
-43
Let a(l) = -l**2 + 2*l - 6. What is a(4)?
-14
Let y(j) = 8*j**2 + 8*j - 7. Calculate y(1).
9
Let k(g) = -7*g - 86. Calculate k(-12).
-2
Let d(o) = -2*o**2 - 13*o. What is d(-8)?
-24
Let b(o) = -o**3 + 2*o**2 - 3*o + 46. Give b(0).
46
Let f(q) = -q + 6. Give f(8).
-2
Let p(n) = n**2 + 4*n + 13. What is p(4)?
45
Let l(j) = j**3 - 20*j**2 + 19*j + 12. Calculate l(19).
12
Let g(m) = -5*m - 48. What is g(-12)?
12
Let k(t) = -6*t + 47. Determine k(4).
23
Let m(g) = -g**3 + 28*g**2 - 53*g + 55. Give m(26).
29
Let o(t) = -11*t + 19. What is o(2)?
-3
Let l(v) = v - 4. Determine l(0).
-4
Let l(r) = 15*r**3 + r**2 + r - 1. Determine l(1).
16
Let q(h) = -2*h**3 + 2*h**2. Calculate q(2).
-8
Let t(l) = -l**3 + 4*l**2 + 9*l - 11. Give t(6).
-29
Let w(r) = r**2 - 20*r - 37. Determine w(21).
-16
Let p(z) = z + 4. Determine p(8).
12
Let l(v) = -4*v - 13. Give l(-6).
11
Let b(j) = j**3 - 10*j**2 + 14*j - 45. Determine b(9).
0
Let w(o) = 2*o**3 - 17*o**2 + 22*o. Calculate w(7).
7
Let a(w) = 8*w - 5. Give a(2).
11
Let i(r) = r**3 - 5*r**2 + 4*r - 13. Determine i(5).
7
Let x(u) = -u**3 - 15*u**2 + 5*u + 20. Calculate x(-15).
-55
Let x(k) = 21*k**2 - k. What is x(1)?
20
Let r(b) = -b**2 + 18*b - 21. Calculate r(16).
11
Let x(i) = -i + 8. Determine x(9).
-1
Let c(o) = 20*o**2 + o. Determine c(-1).
19
Let a(n) = -2*n**2 - 39*n - 119. Give a(-4).
5
Let r(i) = i**2 + 37*i - 181. Calculate r(-41).
-17
Let r(d) = -d**2 + 3. Determine r(-4).
-13
Let z(g) = -9*g**3. Determine z(-1).
9
Let g(u) = 3*u + 9. What is g(4)?
21
Let f(z) = -6*z**2 + 59*z - 14. Calculate f(10).
-24
Let o(w) = -25*w + 10. Calculate o(-4).
110
Let w(l) = -l + 3. Determine w(1).
2
Let p(l) = -l**3 - 10*l**2 - 3*l - 9. What is p(-10)?
21
Let t(v) = -v**2 + 13*v + 12. Calculate t(13).
12
Let w(u) = 30*u**2 + 2*u + 2. What is w(-1)?
30
Let n(o) = -o**3 + 20*o**2 - 19*o - 7. What is n(19)?
-7
Let z(u) = -10*u - 122. Give z(-10).
-22
Let f(x) = -30*x + 362. Give f(12).
2
Let y(p) = p**3 + 10*p**2 - 12*p + 9. Determine y(-11).
20
Let d(q) = -q**3 - 4*q**2 - 3*q - 3. What is d(-4)?
9
Let y(b) = b**3 + 5*b**2 - 8*b - 2. Give y(-6).
10
Let f(t) = -t**2 + 9*t + 38. Give f(12).
2
Let o(a) = a**2 - 6*a + 3. Determine o(6).
3
Let d(q) = -q**2 + 27*q - 98. What is d(5)?
12
Let u(r) = 20*r - 106. Calculate u(5).
-6
Let a(f) = -f**3 + 4*f**2 - 2*f + 3. What is a(2)?
7
Let g(f) = -f**2 - 21*f - 44. Calculate g(-18).
10
Let j(z) = 2*z + 8. Give j(0).
8
Let v(n) = n**3 - n**2 - 3*n + 9. Calculate v(-3).
-18
Let l(h) = h**3 - 2*h**2 - 7*h - 6. Calculate l(-4).
-74
Let b(s) = s**2 - s - 3. Give b(4).
9
Let j(x) = 4*x**2 + 3*x - 2. Determine j(2).
20
Let p(u) = -3*u**2 - 14*u + 7. Determine p(-7).
-42
Let t(g) = 4*g - 55. Give t(20).
25
Let u(c) = -c**3 - 9*c**2 + 12*c + 6. Calculate u(-10).
-14
Let b(d) = 15*d + 5. Give b(4).
65
Let v(p) = -p - 1. Give v(11).
-12
Let j(h) = -h**3 + 12*h**2 - 30*h + 16. Calculate j(9).
-11
Let r(s) = s + 12. Calculate r(-4).
8
Let c(x) = x**3 + 10*x**2 - 9*x + 30. Give c(-11).
8
Let x(u) = -u + 17. Give x(12).
5
Let w(z) = z - 16. Give w(17).
1
Let f(w) = -2*w**2 + 9*w + 5. Determine f(5).
0
Let o(f) = f**2 + 22*f + 22. Give o(-15).
-83
Let r(m) = -m**2 - 5*m + 9. Give r(-7).
-5
Let q(w) = w**3 - 5*w**2 - 4*w + 6. Give q(2).
-14
Let z(n) = -n**2 + 28*n - 94. What is z(24)?
2
Let k(a) = -13*a - 11. Calculate k(3).
-50
Let m(k) = -k**3 + 10*k**2 - 11*k + 5. Give m(9).
-13
Let i(g) = g**3 + 3*g**2 + 3. What is i(-4)?
-13
Let n(g) = g**3 + 49*g**2. Give n(-49).
0
Let h(w) = -w**3 - 6*w**2 - 4*w + 10. Give h(-5).
5
Let n(f) = -f**3 - 3*f**2 + 2*f - 2. What is n(-4)?
6
Let m(q) = q**2 + 6*q - 16. Determine m(-5).
-21
Let u(i) = -i**2 - 25*i - 96. Give u(-5).
4
Let i(k) = k**3 - 17*k**2 + 18*k - 35. What is i(16)?
-3
Let o(u) = -4*u**2 + 3*u - 2. What is o(1)?
-3
Let s(n) = 2*n**2 - 64*n - 67. Calculate s(33).
-1
Let t(w) = w**3 + 7*w**2 + 2. What is t(-7)?
2
Let k(d) = -10*d**2 + 11*d - 5. Determine k(2).
-23
Let o(q) = 13*q - 29. Give o(2).
-3
Let t(w) = 2*w - 35. Determine t(14).
-7
Let g(p) = p**2 + 18*p + 24. Determine g(-17).
7
Let r(u) = -4*u**2 - 13*u - 3. What is r(-5)?
-38
Let p(q) = -2*q + 33. Determine p(20).
-7
Let g(t) = t**3 - 15*t**2 + 49*t + 6. Calculate g(10).
-4
Let u(q) = q**3 - 7*q**2 + 7*q + 1. Determine u(6).
7
Let m(w) = 17*w**3 + w**2. Calculate m(-1).
-16
Let j(f) = f**2 - 15*f - 16. Calculate j(-5).
84
Let y(a) = -3*a - 14. Calculate y(-6).
4
Let t(f) = -f**3 + 7*f**2 - 9*f - 8. Give t(5).
-3
Let c(i) = 3*i + 9. Determine c(-8).
-15
Let y(u) = -4*u**3 - 2*u**2 - 6*u - 3. What is y(-2)?
33
Let c(b) = -2*b + 3. What is c(5)?
-7
Let c(j) = -j**2 + 5*j - 1. Give c(-2).
-15
Let l(h) = h**2 + 9*h + 11. What is l(-9)?
11
Let w(y) = -y**2 - 11*y + 1. Det